 2341
What are the prime factors of 9644061?
3, 7, 23, 41, 487
What are the prime factors of 164010?
2, 3, 5, 7, 11, 71
List the prime factors of 39932505.
3, 5, 113, 7853
List the prime factors of 8301680.
2, 5, 41, 2531
What are the prime factors of 14400632?
2, 17, 19, 5573
What are the prime factors of 63932?
2, 11, 1453
List the prime factors of 12846191.
12846191
List the prime factors of 218762.
2, 89, 1229
List the prime factors of 25473942.
2, 3, 13, 108863
What are the prime factors of 33005294?
2, 7, 89, 26489
List the prime factors of 15414192.
2, 3, 31, 1151
List the prime factors of 2332655.
5, 13, 17, 2111
What are the prime factors of 13347622?
2, 379, 17609
List the prime factors of 20125419.
3, 43, 156011
List the prime factors of 269645.
5, 199, 271
List the prime factors of 1004691.
3, 334897
What are the prime factors of 1117725?
3, 5, 7, 2129
What are the prime factors of 30118775?
5, 47, 25633
List the prime factors of 6589477.
23, 286499
What are the prime factors of 580255?
5, 13, 79, 113
List the prime factors of 14055.
3, 5, 937
List the prime factors of 362091.
3, 137, 881
What are the prime factors of 3624433?
3624433
What are the prime factors of 10888444?
2, 7, 19, 97, 211
What are the prime factors of 368724?
2, 3, 30727
What are the prime factors of 83133?
3, 3079
What are the prime factors of 359826?
2, 3, 59971
List the prime factors of 210931.
7, 30133
List the prime factors of 28851626.
2, 263, 54851
List the prime factors of 1473991.
41, 35951
What are the prime factors of 4441653?
3, 41, 12037
What are the prime factors of 7925017?
7925017
What are the prime factors of 462057?
3, 29, 47, 113
What are the prime factors of 4659727?
4659727
What are the prime factors of 140704?
2, 4397
List the prime factors of 1069517.
1069517
List the prime factors of 1238090.
2, 5, 7, 23, 769
What are the prime factors of 2095691?
13, 23, 43, 163
List the prime factors of 803544.
2, 3, 7, 4783
What are the prime factors of 3740198?
2, 7, 11, 149, 163
List the prime factors of 5547209.
23, 241183
What are the prime factors of 597510?
2, 3, 5, 2213
List the prime factors of 834128.
2, 37, 1409
What are the prime factors of 11431367?
2203, 5189
List the prime factors of 6086793.
3, 2028931
List the prime factors of 67220.
2, 5, 3361
What are the prime factors of 12716044?
2, 11, 289001
List the prime factors of 11714788.
2, 101, 107, 271
What are the prime factors of 4718842?
2, 103, 22907
What are the prime factors of 210918?
2, 3, 35153
What are the prime factors of 279100?
2, 5, 2791
List the prime factors of 515587.
515587
What are the prime factors of 9183975?
3, 5, 122453
What are the prime factors of 2753440?
2, 5, 17209
What are the prime factors of 16109796?
2, 3, 19, 70657
What are the prime factors of 3163177?
19, 229, 727
What are the prime factors of 1026066?
2, 3, 41, 43, 97
List the prime factors of 788963.
7, 41, 2749
What are the prime factors of 387310?
2, 5, 7, 11, 503
What are the prime factors of 14297689?
7, 271, 7537
List the prime factors of 339299.
139, 2441
List the prime factors of 193868.
2, 17, 2851
What are the prime factors of 362110?
2, 5, 7, 739
List the prime factors of 987057.
3, 109673
List the prime factors of 14439351.
3, 1951, 2467
What are the prime factors of 674420?
2, 5, 33721
List the prime factors of 118299.
3, 47, 839
What are the prime factors of 7890767?
211, 37397
List the prime factors of 180898.
2, 151, 599
List the prime factors of 1846822.
2, 923411
List the prime factors of 383806.
2, 191903
What are the prime factors of 12706795?
5, 157, 16187
What are the prime factors of 8488429?
37, 383, 599
What are the prime factors of 2870036?
2, 13, 97, 569
What are the prime factors of 1145201?
863, 1327
List the prime factors of 1773304.
2, 13, 17, 59
What are the prime factors of 524668?
2, 29, 4523
What are the prime factors of 1050093?
3, 11, 10607
What are the prime factors of 4036073?
97, 41609
List the prime factors of 4747942.
2, 2373971
List the prime factors of 757477.
7, 108211
What are the prime factors of 1142096?
2, 41, 1741
What are the prime factors of 4355610?
2, 3, 5, 7, 2963
What are the prime factors of 35436?
2, 3, 2953
What are the prime factors of 784194?
2, 3, 130699
List the prime factors of 610276.
2, 29, 5261
List the prime factors of 892138.
2, 13, 34313
List the prime factors of 6125458.
2, 293, 10453
List the prime factors of 324824.
2, 19, 2137
List the prime factors of 4719593.
4719593
What are the prime factors of 275735?
5, 55147
What are the prime factors of 851319?
3, 7, 13513
What are the prime factors of 15054867?
3, 227, 7369
List the prime factors of 10566472.
2, 7, 188687
What are the prime factors of 15937767?
3, 479, 3697
What are the prime factors of 2713537?
191, 14207
What are the prime factors of 449938?
2, 224969
List the prime factors of 27684307.
7, 41, 96461
What are the prime factors of 15508954?
2, 101, 76777
What are the prime factors of 27126802?
2, 47, 288583
List the prime factors of 2104426.
2, 491, 2143
What are the prime factors of 4718090?
2, 5, 13, 36293
What are the prime factors of 1099118?
2, 17, 32327
List the prime factors of 3108710.
2, 5, 11, 59, 479
What are the prime factors of 1557420?
2, 3, 5, 101, 257
List the prime factors of 209919.
3, 167, 419
List the prime factors of 1702584.
2, 3, 13, 17, 107
List the prime factors of 454231.
454231
List the prime factors of 1133252.
2, 73, 3881
List the prime factors of 953956.
2, 71, 3359
What are the prime factors of 14293766?
2, 37, 419, 461
List the prime factors of 78371.
109, 719
List the prime factors of 432704.
2, 6761
List the prime factors of 1257020.
2, 5, 62851
What are the prime factors of 71496?
2, 3, 331
List the prime factors of 8589900.
2, 3, 5, 11, 19, 137
List the prime factors of 2443271.
83, 29437
What are the prime factors of 340114?
2, 170057
What are the prime factors of 4627215?
3, 5, 31, 107
What are the prime factors of 53891?
53891
What are the prime factors of 32790339?
3, 404819
What are the prime factors of 2927497?
1129, 2593
What are the prime factors of 903040?
2, 5, 17, 83
What are the prime factors of 25233727?
401, 62927
What are the prime factors of 8904617?
17, 523801
What are the prime factors of 2883596?
2, 720899
List the prime factors of 9537254.
2, 4768627
What are the prime factors of 102775?
5, 4111
What are the prime factors of 125567?
13, 743
What are the prime factors of 407880?
2, 3, 5, 11, 103
What are the prime factors of 6017733?
3, 74293
List the prime factors of 233854.
2, 116927
List the prime factors of 482864.
2, 103, 293
List the prime factors of 260325.
3, 5, 13, 89
List the prime factors of 1013060.
2, 5, 37
What are the prime factors of 265411?
19, 61, 229
What are the prime factors of 68137?
61, 1117
List the prime factors of 3025546.
2, 1512773
What are the prime factors of 4111571?
83, 49537
List the prime factors of 3311563.
23, 143981
List the prime factors of 328126.
2, 359, 457
What are the prime factors of 388880?
2, 5, 4861
What are the prime factors of 292167?
3, 3607
List the prime factors of 7515329.
37, 203117
What are the prime factors of 302704?
2, 18919
What are the prime factors of 2429731?
2429731
What are the prime factors of 2934058?
2, 103, 14243
List the prime factors of 214632.
2, 3, 11, 271
List the prime factors of 117093.
3, 23, 1697
List the prime factors of 387895.
5, 23, 3373
What are the prime factors of 1868815?
5, 13, 28751
List the prime factors of 12249328.
2, 7, 13, 47, 179
List the prime factors of 622129.
622129
List the prime factors of 355889.
19, 18731
What are the prime factors of 16188463?
16188463
What are the prime factors of 258382?
2, 23, 41, 137
List the prime factors of 417815.
5, 83563
What are the prime factors of 15984273?
3, 149, 35759
What are the prime factors of 38712?
2, 3, 1613
What are the prime factors of 12081289?
11, 31, 71, 499
List the prime factors of 1307292.
2, 3, 7, 79, 197
What are the prime factors of 10402767?
3, 1155863
List the prime factors of 254051.
7, 36293
What are the prime factors of 191059?
11, 1579
List the prime factors of 593456.
2, 29, 1279
What are the prime factors of 22513280?
2, 5, 29, 1213
List the prime factors o